0 - 7*c**4/24 + 7*c**3/6 - 4*c**2. What is b(5)?
-3
Let y(z) = -4*z**2 - 9*z - 1. Let v(g) be the first derivative of 2*g**3/3 + 2*g**2 + 3. Let n(x) = 5*v(x) + 2*y(x). Give n(-2).
2
Let s(h) = h**3 + 7. Let t be (-2)/3 + (-39)/9. Let b = -5 - t. Suppose b = -i - 4*i. Calculate s(i).
7
Let d(r) = r**2 + 8*r - 5. Let i be d(-9). Let f(l) = -l**3 + 4*l**2 - 2*l - 1. Give f(i).
-9
Let w(c) = 11*c**3 - 21*c**2 - 21*c + 15. Let v(l) = -5*l**3 + 10*l**2 + 10*l - 7. Let s(a) = -13*v(a) - 6*w(a). Let p be 3*(-1 + 1 - 1). Give s(p).
4
Let r be (-2 + (-10)/(-6))*-9. Suppose -4*p - r*i = 12, -p + 3*i - 5 = 13. Let s(v) = -v**3 - 7*v**2 - 7*v - 3. Calculate s(p).
3
Let i(w) be the third derivative of w**5/60 + w**4/3 + w**3/3 - 10*w**2. What is i(-6)?
-10
Suppose -2*q = -3*h + 10, 4*q + 6 = 3*h - 2. Let f be (-3*h)/2 + 2. Let o = -3 - f. Let d(w) = -w + 1. What is d(o)?
0
Let h(r) = -5*r**3 - 24*r**2 - 36*r + 29. Let b(j) = -j**3 - 5*j**2 - 7*j + 6. Let z(i) = 11*b(i) - 2*h(i). Calculate z(-6).
2
Let g(s) be the first derivative of -5*s**2/2 - 3*s - 1. Let n = -9 - -7. Give g(n).
7
Let g(d) = -5*d - 5. Let c be g(-2). Let f(i) be the first derivative of 2 - i - 1/2*i**2 + 5/3*i**3 - 1/4*i**4. What is f(c)?
-6
Let t(w) = 2*w - 7. Let n be t(3). Let j(g) = 5*g - 6*g + 1 - 5*g. Calculate j(n).
7
Let o = 6 + -6. Suppose o*a - 5*a + 25 = 0. Let i(y) = -y**2 + 5*y - 7. Calculate i(a).
-7
Let z(d) = -d**3 - 6*d**2 - 5*d - 7. Suppose 0 = 4*c - 2*w + 28, -2*c + 4*c - 2*w = -18. Give z(c).
-7
Let a(g) = -g**2 - 7*g - 5. Let q be 1630/150 + (-2)/(-15). Let z = 5 - q. Calculate a(z).
1
Let i(l) = l. Let h be i(1). Let x(z) be the third derivative of 1/6*z**4 + 0 + 0*z + 1/6*z**3 + z**2. Calculate x(h).
5
Let g(l) = -l**2 - 2*l + 2*l - 3*l - 1. Give g(-3).
-1
Suppose 0*j = -4*j + 12. Let c = 7 - j. Let x(g) = g**2 - 8*g + 4. Calculate x(c).
-12
Let w be (-18)/(-15)*460/6. Let x = w - 60. Let h be 2/5 - x/5. Let p(t) = -2*t - 9. Calculate p(h).
3
Let j(c) be the second derivative of -c**5/20 - c**4/12 + c**3/6 + c**2/2 + 3*c. Let w(r) = -4*r**3 - r**2 + r. Let i(m) = 5*j(m) - w(m). Determine i(-4).
-11
Let x = 41 + -29. Let w(o) = 5 + 3*o**3 + x*o**2 - 8*o**2 - 2*o**3. Give w(-4).
5
Let n(x) = x + 4. Suppose -10 = -5*w + 3*m, -3 - 1 = -2*w + 2*m. Let j = 7 - w. Determine n(j).
9
Let g be (-4)/8*-2*2. Let q(o) = -11*o**2 + 8*o + 1. Let u(r) = 5*r**2 - 4*r. Let d(l) = 2*q(l) + 5*u(l). Determine d(g).
6
Suppose 0 = 3*k - 5*k + 8. Suppose k*o = -2*f - 2, -3*o + f + 9 = -f. Let q(l) = 2*l + 5*l - 4*l - 1. Give q(o).
2
Let f = -7 + 21. Let d(t) = 0*t - 2*t**2 - t**3 + f - 12 + 2*t. Suppose c - 2 = -5. What is d(c)?
5
Let y = 12 - 11. Let v(f) = 7*f + 3. Let h(u) = u - 1. Let d(j) = 2*h(j) + v(j). Calculate d(y).
10
Let x(t) be the third derivative of -t**6/120 + t**5/12 - t**4/8 + t**3/2 - 9*t**2. Give x(2).
9
Let d(y) = -y - 6. Suppose -4*i = -2*n + 2, 3*n - 4*n = 2*i + 11. Calculate d(n).
-1
Let x(t) = t - 8. Suppose 0 = 5*u + 5*o - 25, -4*u + 16 = 3*o - 5. Give x(u).
-2
Let t(w) = w**2 - 4*w - 6. Suppose 4*f + n = 17, -f + 18 = -5*n - 2. Give t(f).
-1
Suppose 3*i - 4*y - 14 = 0, 3*y + 7 = 1. Let o(g) be the first derivative of 1/2*g**i - 2 + g. Determine o(-5).
-4
Let n(t) = -t**3 - 3*t**2 + 4*t + 4. Let k = 5 + 0. Suppose -15 = -0*v + k*v. What is n(v)?
-8
Let c(x) be the second derivative of 13*x**5/20 - x**3/3 + x**2/2 - x. Suppose -5*w + u = -4, -w = -0*u - u. What is c(w)?
12
Let r(i) = -i**3 + 7*i**2 + 7*i + 11. Let p be (-6)/(23/(-20) + (-18)/(-45)). Determine r(p).
3
Suppose -2*a - 3*i + 10 = 0, -3*i = -7*i. Let l(c) = -a + 2 - 1 + c**2. Let j = 4 + -1. What is l(j)?
5
Let o(k) = -k**2 - 4*k + 2. Let v(i) = -i**3 + 3*i**2 + 4*i. Let p be v(4). Suppose p*c = 3*c - 18. Suppose 0*l + 2*a = l + c, 5*a = -4*l - 11. Give o(l).
2
Suppose -5*z + 2*z + 5*p + 25 = 0, -5*p = 5*z - 55. Suppose -z = -3*k + 5*k. Let n(u) = 0*u**3 - 5*u + u**3 + 4*u**3 - 4*u**3 + 4*u**2. Determine n(k).
0
Let d(h) = h**2 - h - 3. Let k be d(3). Suppose k*y - 4*y = 3*a - 19, a - 1 = y. Let o(f) = -f + 12. Calculate o(a).
7
Let m(j) be the third derivative of j**6/180 + j**5/60 - j**4/12 - j**3/6 + 2*j**2. Let g(y) be the first derivative of m(y). Calculate g(-3).
10
Let d(b) = 2*b + 2. Suppose 5*w - 2*y + 6*y - 1 = 0, 5*y + 2 = -3*w. Suppose -5 = -2*j - w. Suppose -j*s + 19 = -5*g - 0, -4*s = 2*g - 2. Calculate d(g).
-4
Let u(v) = -2*v**2 - 6*v + 6. Let a(h) = 4*h**2 + 12*h - 12. Let d(r) = 2*a(r) + 5*u(r). Give d(-5).
-14
Let j(i) = 4*i + 2. Suppose 2*v = -2*q + 4, -4*q = -5*v + 4*v + 12. Determine j(v).
18
Let h(w) = w**3 - 3*w**2 - 5*w - 3. Let k = -93 - -97. Give h(k).
-7
Let a(c) = c**3 - 3*c**2 - 2*c. Let j(z) = -2*z**3 + 2*z**2 + z - 1. Let d(b) = 3*a(b) + 2*j(b). Let n be (-1 - 2/(-4))/(3/18). Give d(n).
-8
Suppose 0 = 9*f - 10*f + 4. Let a(r) be the first derivative of 2*r**3/3 - 5*r**2/2 - 3*r + 2. What is a(f)?
9
Let n(t) = -t**2 - 16*t - 1. Let i be n(-16). Let p(r) = 8*r**3 + 2*r**2 + r. What is p(i)?
-7
Let j be 2 + 3/1*-1. Let l(k) = 8*k**3 + 3*k**2 - 5. Let a(w) = -4*w**3 - w**2 + 2. Let m(g) = -7*a(g) - 3*l(g). What is m(j)?
-5
Let q(p) = -p**3 - 4*p**2 - p + 1. Let v(z) = -z - 16. Let a be v(-12). What is q(a)?
5
Let f(j) = -j**3 + j. Let o(h) = 4*h**2 - 3*h + 0*h**2 + 6*h**3 - 3*h**2. Let n(k) = 4*f(k) + o(k). Suppose 16 = 4*p, 5*p - 9 = a + 3*p. Determine n(a).
-2
Let y(s) = 2*s**3 - s**2 - 3*s + 2. Let l(w) = w**2 + w + 2. Let o be l(0). Calculate y(o).
8
Let y(i) = -16*i + 10 - 16 + 7. What is y(1)?
-15
Let d = 65 + -35. Suppose -4*y + 20 = -4*v, -5*v + 5 - d = y. Let c(a) = -a - 4. What is c(y)?
-4
Let y(q) = -q + 1. Suppose 5*l = 4*i + 3 - 1, -i - 4*l = -10. Suppose 44 = -3*z + 113. Suppose -z = -5*h - 2*n, -4*n + i = -2*h + 16. Calculate y(h).
-4
Let t(d) = -d**2 + d + 10. Let j be 2/7 + (-20)/70. What is t(j)?
10
Let t(z) be the first derivative of -z**2 + 3*z + 5. Let q(f) = -f + 4. Let i(c) = -2*q(c) + 3*t(c). Give i(1).
-3
Let d(r) = -r + 1. Let f(w) = -w**2 - w - 14. Let q(l) = 6*d(l) + f(l). Determine q(-6).
-2
Let a(l) = -l + 1. Let t(d) = d**3 + 2*d**2. Let i be t(-2). Calculate a(i).
1
Let q(h) be the third derivative of h**4/24 + 2*h**3/3 - 5*h**2. Let y(a) = 3*a. Let m be y(-1). Let r = m + 0. Calculate q(r).
1
Let m(n) = 0*n**3 - 2 - n**3 + 0 + n + 3*n**2 + n**2. Let f(a) be the second derivative of -a**3/6 + 4*a**2 + 2*a. Let j be f(6). What is m(j)?
8
Suppose -10 = -4*a - 22. Let n(q) = -2*q - 2. Give n(a).
4
Suppose 45 = 4*y - 5*o, -5*y + o = -25 - 5. Let j(r) be the second derivative of r**3/6 - 7*r**2/2 + 28*r + 4. Give j(y).
-2
Let s(z) be the third derivative of -z**6/30 + z**5/60 - z**4/24 + z**3/6 + 2*z**2. Determine s(1).
-3
Let n(p) be the third derivative of -p**6/120 - p**5/15 - p**4/24 + 2*p**3/3 + p**2. Let b(u) = -u**2 + 2*u + 11. Let d be b(5). Give n(d).
8
Let g(n) = n**2 + 7*n - 7. Let w(a) = 2*a**2 + 7*a - 7. Let q(i) = 3*g(i) - 2*w(i). What is q(7)?
-7
Let j(b) = 16*b + 10. Let q(d) = -3*d - 2. Let n(s) = 4*j(s) + 22*q(s). Give n(-4).
4
Let l(n) be the first derivative of n**4/4 - 4*n**3/3 + n**2 + 2*n + 5. Give l(4).
10
Let m(i) be the third derivative of -i**4/24 + 2*i**3/3 - 2*i**2. Calculate m(0).
4
Let r(b) = b**3 + b + 3. Let w(h) = -h - 18. Let i(o) = -o - 19. Let z(s) = -5*i(s) + 6*w(s). Let a be z(-9). Let l be 2/a*2*0. What is r(l)?
3
Let k be ((-32)/(-24))/(4/6). Let n(h) = -k + 3 + 3 + h. What is n(-3)?
1
Let a(p) be the second derivative of -p**4/12 - p**3/6 + 5*p**2 - 9*p. Calculate a(0).
10
Let h(n) = 6*n + 4. Let g(s) = -3*s - 2. Let j(k) = 9*g(k) + 4*h(k). Calculate j(-5).
13
Let b = 166 + -165. Let q(d) = d. Calculate q(b).
1
Let b(k) = -5*k - 1. Let p(a) = a**3 - a**2 - a - 3. Let x be p(0). Give b(x).
14
Suppose 9*g = -2*g + 88. Let h(t) = -t**3 + 8*t**2 + t - 5. Calculate h(g).
3
Let t(y) = -4*y + 0*y - 3 + 4*y - 4*y. Determine t(-3).
9
Let a(g) be the second derivative of g**3/6 - 3*g**2 - g. Let u(r) be the first derivative of r**3/3 - r**2/2 - r + 2. Let l be u(3). Determine a(l).
-1
Let n = 2 - 1. Let l(v) = 2*v + 2*v + 2 - n. Let f(m) = -m + 9. Let q be f(7). Calculate l(q).
9
Let o(g) = 2*g + g**3 - 2*g**3 + 0*g - 1. Let r be o(1). Let z(y) = y**2 + y - 10. Give z(r).
-10
Let d(b) be the third derivative of 